se -d*t + 3 = -8*t. Suppose 3*s - 274 = 2*u, 0 = u + t - 2. List the prime factors of s.
2, 23
Suppose -g + 2*p = -19331, 26239 = 2*g + p - 12433. List the prime factors of g.
3, 5, 1289
Let k(y) = -9*y**2 - 10*y - 85. Let o be k(12). Let l = o - -2450. List the prime factors of l.
13, 73
Let l(y) = y**2 + 9. Let m be l(5). Let g = -30 + m. What are the prime factors of ((-846)/(-40) - 3/(-5))*g?
3, 29
Suppose 0 = -5*t - 49*m + 47*m + 95591, 3*t = -4*m + 57349. List the prime factors of t.
3, 6373
Let m be 0 - (-8)/12 - (-9924)/18. Suppose 29 - m = -n - 3*y, -y - 535 = -n. What are the prime factors of n?
2, 7, 19
Let b be (-248)/(-6) - 38/114. What are the prime factors of -2 + (452 - -1)*(b - 40)?
11, 41
Suppose 0 = -6*o - 0*o - 9*o + 157140. List the prime factors of o.
2, 3, 97
Suppose -2*t + 185 = -5*o - 304, 0 = 2*t + 5*o - 539. Let c = 41 + t. List the prime factors of c.
2, 149
Let t = -27919 + 40825. List the prime factors of t.
2, 3, 239
List the prime factors of (52/8)/((-27)/(-25758)).
3, 13, 53
Let g(f) = 2*f**2 + 9*f - 17. Let a be g(-17). Suppose 0 = 7*o + 10*o - a. What are the prime factors of o?
2, 3
Suppose 0 = -7*t + 2*t + 5. Suppose -t - 14 = -5*r. Suppose -r*x - 104 = -623. What are the prime factors of x?
173
Let s(n) = -27*n - 62. Let j be s(6). What are the prime factors of (-1)/(-4) - 285992/j?
1277
Let x(h) = 18*h + 363. Let i be x(-20). Suppose i*v - 183 = o + 3440, -o = -4*v + 4831. What are the prime factors of v?
2, 151
Suppose -1 + 1 = 7*a. Suppose -n + a*p = 2*p - 7, -3*n - p + 11 = 0. What are the prime factors of (n - 3) + 47 - (-1 - 2)?
2, 5
Let s be (-27 - -23)*((-15)/12 + 2). What are the prime factors of (-2*s/9)/(14/19341)?
3, 307
Let g = 35175 + -19167. List the prime factors of g.
2, 3, 23, 29
Suppose -21820 + 7348 = -27*p. Suppose y + p = 5*y. List the prime factors of y.
2, 67
Let i = -82 + 123. Let l = i + -36. Suppose -l*h = v - 41, -2*h - 58 = -2*v - 0*h. What are the prime factors of v?
31
Let j(c) = -2*c**3 - 56*c**2 - 25*c + 313. What are the prime factors of j(-29)?
2, 5, 17
Suppose 64 = 3*x + 2*o, 2*o = 6*x - 2*x - 62. Let y = x + 342. List the prime factors of y.
2, 3, 5
Let m = -24 + 264. Let n(f) = 13*f - 358. Let b be n(22). Let j = b + m. What are the prime factors of j?
2, 3, 7
Let f be -2 - ((-506)/(-8) + (-2)/8). Let p = -132 - -283. Let y = p + f. List the prime factors of y.
2, 43
Suppose 3*r - r + 14 = 0. Let d(f) be the third derivative of f**5/60 - 7*f**4/24 + 5*f**3/6 + 159*f**2. List the prime factors of d(r).
103
Let l = 70 - 66. Suppose -l*n - 25 = -5*b - 0*n, n = 4*b - 20. What are the prime factors of b?
5
Suppose 7468 = 5*k - 6*m, 14*m = 5*k + 16*m - 7404. List the prime factors of k.
2, 7, 53
Suppose 0 = 2*d + 312 - 92. Let x = d - -114. Suppose h - 3*h = x*n - 574, 317 = 2*n - 5*h. What are the prime factors of n?
2, 73
Let s = -5751 - -16080. Suppose 0 = -25*r + 7371 + s. What are the prime factors of r?
2, 3, 59
Let a = -38 + 1052. List the prime factors of a.
2, 3, 13
Let w be -12*4/(-8)*412/8. Suppose 0 = 10*h - 13*h + w. Let q = -86 + h. List the prime factors of q.
17
Let w(p) = p**3 - 4*p**2 + 2*p - 4. Let m be w(4). Suppose c - 2 = 2*r, -c + 0*r + 3*r = -m. Let b(s) = 3*s**2. List the prime factors of b(c).
2, 3
Let g = -6601 + 12709. List the prime factors of g.
2, 3, 509
Suppose -9*a + 111 = 21. Suppose -32*o - a*o = -80892. List the prime factors of o.
2, 3, 107
Let g = -11467 - -29821. List the prime factors of g.
2, 3, 7, 19, 23
Suppose -v = -4*i + 2309, v + 4666 = -v - 4*i. Let l be 1/3 - v/45. List the prime factors of (-11)/(4 - l/12).
3, 11
Let p(y) = -y**2 - 24. Let d be p(0). Let x = -64 - d. Let w = 165 + x. What are the prime factors of w?
5
Let c = 72 + -49. Suppose -c = -2*i + l, 4*l + 43 = 2*i + 5. Suppose -1441 + 172 = -i*o. What are the prime factors of o?
3, 47
List the prime factors of 10639 - (-5 - -18) - (0 - -1).
5, 17
Suppose -3*a - 30021 = 10*s - 11*s, 5*a = -3*s + 89993. List the prime factors of s.
2, 3, 1667
Let s(j) = 4*j**2 + 53*j - 14. Let a(d) = -d**3 + 4*d**2 + 10*d - 4. Let m be a(6). List the prime factors of s(m).
2, 3
Let h = 1705 + 17637. List the prime factors of h.
2, 19, 509
Let k(w) = 486*w**2 - 72*w + 434. What are the prime factors of k(6)?
2, 13, 673
Suppose -101*c = -104150 - 755663. List the prime factors of c.
8513
Let w = 791 - 549. Let c = -343 - -516. Let a = w - c. List the prime factors of a.
3, 23
Let t be (-885)/30 - 2/4. Let k be (-1)/3 - 8980/t. Let n = k + -174. What are the prime factors of n?
5
Suppose 2428*v = 2433*v - 32050. List the prime factors of v.
2, 5, 641
Let s be 48/(-4)*(-2)/(12/177). Let c = s - 234. List the prime factors of c.
2, 3, 5
Let b be -5 + 1 - 2*-2. Suppose b = 2*d - 3*d - 9. Let k(m) = -4*m + 3. List the prime factors of k(d).
3, 13
Let c be 1 + -1 + 6 + -1. Let m = 0 - -3. What are the prime factors of 4 + c*(m + 14)?
89
Let w(b) = -29*b + 1089. What are the prime factors of w(-15)?
2, 3, 127
Let a(w) = w**2 - 16*w - 34. Let d be a(18). Suppose 0*g - g - 1098 = -3*y, 732 = 2*y + d*g. What are the prime factors of y?
2, 3, 61
Let y be 9/(-5) + (-45)/(-25) + -1. Let a = 57 - y. What are the prime factors of a?
2, 29
Suppose 10 = 5*d - 3*c - 27, 5*c = -4*d. Suppose -3*z + 14 - d = 0. Suppose -71 = -2*j - 2*i + 25, z = i. What are the prime factors of j?
3, 5
Suppose -4*p - 4*i = 8, 27*i - 18 = 5*p + 30*i. Let q(u) be the first derivative of -9*u**2/2 + 1. List the prime factors of q(p).
2, 3
Suppose 2*i = -0*i + 6*i. Suppose i = 5*c + 3*r - 33 + 11, 3*r = -2*c + 16. Suppose -c*y + 198 = -168. List the prime factors of y.
3, 61
What are the prime factors of 0 - 606/(-12)*8*31?
2, 31, 101
Let p(i) = i**3 + 3*i - 250. Let g be p(0). Let y = -120 - g. Suppose -2*x = 4 - y. What are the prime factors of x?
3, 7
Suppose 2*p - 5*x = 376, 3*p - x - 520 = 18. Let a = 118 + p. What are the prime factors of a?
2, 37
Suppose d = 3*j - 61, 0*j - 200 = 4*d - j. Let k(l) = -l**2 - 60*l - 189. What are the prime factors of k(d)?
2, 5, 7
Let x = 8503 - 2724. List the prime factors of x.
5779
Let p(g) = 8*g**2 - 4*g - 12. Let v(k) = 2*k. Let d be v(3). Let a be p(d). Suppose 0*b - 7*b = -a. List the prime factors of b.
2, 3
List the prime factors of 30847164/3783 + 4/(-26).
2, 3, 151
Let g(h) = 5199*h + 5957. List the prime factors of g(11).
2, 31573
Suppose -354*j - 1613325 = -459*j. What are the prime factors of j?
5, 7, 439
Suppose -9192 = -49*y + 45*y. Suppose 16*b = 19*b - y. List the prime factors of b.
2, 383
Suppose -149*d - 28*d - 71*d + 5586200 = 0. List the prime factors of d.
5, 17, 53
What are the prime factors of 5444 - 7*(-3 - 68/(-28))?
2, 3, 227
Let h be (-2)/(-2)*(5 + (-4 - -5)). Suppose 3*n + h = 5*n. Suppose 2*s = n*z + 130, -4*s + 11 = -4*z - 249. What are the prime factors of s?
5, 13
Suppose 4*f - 5*l = 67104, -44*f + 48*f = -l + 67080. List the prime factors of f.
31, 541
Suppose 2*s = w + w - 76, -4*w = -s - 146. Let r = w + -31. Let d(v) = v**3 - 5*v**2 + 10*v - 21. List the prime factors of d(r).
29
Suppose 4*i - 46*p - 150320 = -50*p, 2*i - 4*p = 75172. List the prime factors of i.
2, 19, 23, 43
Let y = 6129 + -3958. Suppose -548 = -g + 4*k, -y = -4*g - 3*k - 2*k. List the prime factors of g.
2, 17
What are the prime factors of 444/((6/12)/((-1078)/(-42)))?
2, 7, 11, 37
Let f(g) = -g**3 + 6*g**2 - 3*g - 7. Let z be f(5). Suppose -321 = -z*w - 30. List the prime factors of w.
97
Let l be (-12)/36 + 4/(-6)*-173. Let i = l + -478. Let v = -204 - i. List the prime factors of v.
3, 53
Suppose 5*o - 20 = -0*o. Suppose o*f + 2*k - 22 = 0, -4*f + 4*k = -f + 11. Suppose -3*m - u + 270 = 0, 367 + 83 = 5*m + f*u. List the prime factors of m.
2, 3, 5
Let w(o) = -1922*o - 484. What are the prime factors of w(-13)?
2, 12251
Let j be 39*25/30*4. Let a = 333 - j. List the prime factors of a.
7, 29
What are the prime factors of 121456/(-1 - -5) + (9 - 27)/(-9)?
2, 3, 7, 241
Let y be (-24)/(-42) - 102/(-42). List the prime factors of (94/4)/((-134)/(-44) - y).
11, 47
Let a(b) = -14 - 5*b - b**2 + 0*b**2 + 8. Let y be a(-3). Suppose 4*o - 4*q - 576 = y, o + 3*o + 5*q = 531. What are the prime factors of o?
139
Suppose -p - 57 = 9*f - 6*f, 76 = -4*f - p. Let s = f + 190. List the prime 